be v(4). Let u = n - -30. List the prime factors of u.
3
Suppose 0 = -9*o - 8*o + 5746. What are the prime factors of o?
2, 13
Let z(u) = 1 + 0 - 2*u - 2. Let f be z(-4). Let x(h) = h - 1. List the prime factors of x(f).
2, 3
Let y(s) = s - 6. Let i be y(9). Suppose i*z = -z. Let g(n) = -n**3 + n**2 + 10. What are the prime factors of g(z)?
2, 5
List the prime factors of -1*(0/4 + -114)*1.
2, 3, 19
Let s be (-38)/(-6) - (-4)/6. Let o = 12 - s. List the prime factors of o.
5
Suppose -79 = -y - 0*y - t, 0 = -5*y + 4*t + 404. Suppose 14*l = 9*l + y. List the prime factors of l.
2
Suppose -8*f + t + 103 = -6*f, t = -f + 44. List the prime factors of f.
7
Let c(l) = -l**2 - 7*l + 5. Let x be c(-7). What are the prime factors of 96/15 + (-2)/x?
2, 3
Suppose 7*q = -159 + 978. List the prime factors of q.
3, 13
What are the prime factors of (-301)/(-2) + 6/(-24)*-2?
151
Suppose 0 = -4*z - 5*y + 137, -4 = 2*z - 3*y - 45. What are the prime factors of z?
2, 7
Let x(s) = 6*s + 2. What are the prime factors of x(5)?
2
Let f(l) = 2*l + 6. Let o be f(-7). Let q = -4 - o. Suppose 0 = r + 2*s - 13, q*r + 0*s - 41 = 3*s. What are the prime factors of r?
11
Suppose 7*f - 244 = 3*f. Suppose -13 + f = 4*o. Let b = 23 - o. What are the prime factors of b?
11
Let z = 40 - -58. Suppose 0 = -5*c + z + 12. What are the prime factors of c?
2, 11
Let c(w) be the first derivative of 5*w**3/3 + w**2/2 - w + 2. What are the prime factors of c(1)?
5
Let p = -15 + 15. Suppose p*t + 4*t = 2*v + 202, -5*v + 215 = 5*t. List the prime factors of t.
2, 3
Let t(f) be the third derivative of f**5/60 + f**4/8 - 4*f**3/3 + 2*f**2. List the prime factors of t(-6).
2, 5
What are the prime factors of (-3184)/(-72) + 1/(-9)*2?
2, 11
Suppose -k - 10 = -6*k, -2*f = -3*k - 144. List the prime factors of f.
3, 5
Let p(i) = 7*i - 2. What are the prime factors of p(2)?
2, 3
Let t(x) = 80*x - 5. What are the prime factors of t(1)?
3, 5
Suppose 0 = -2*i + 4. Suppose -l = -0*w - i*w + 29, -3*l = -w + 22. What are the prime factors of w?
13
Suppose 2 = y - 3. Suppose -i = c + 2*c - 21, y*i + 2*c = 40. What are the prime factors of i?
2, 3
Let a(v) = v**3 + 2*v**2 + 2*v + 2. Let l be a(-3). Let o = 21 + l. List the prime factors of o.
2
Let v be -1 - 6/3 - -5. Suppose -v*b - 10 = -s - 63, 21 = b + 5*s. What are the prime factors of b?
2, 13
Let c(s) = -s**3 - 19*s**2 - 19*s - 6. List the prime factors of c(-18).
2, 3
Let n = -34 - -83. What are the prime factors of n?
7
Let a(t) = -4*t - 5. Let y be a(-4). Suppose -y = 2*d + 5. List the prime factors of ((-6)/(-4))/((-4)/d).
3
Suppose 4*p - 70 = -5*h + 160, 0 = 5*h - 5*p - 185. List the prime factors of h.
2, 3, 7
Let c(u) = 2*u**2 + 5*u + 2. List the prime factors of c(5).
7, 11
List the prime factors of (-9269)/(-161) + (-4)/7.
3, 19
Let f(t) = -5*t + 3*t + 12*t + 5*t - 19 - t**2. List the prime factors of f(13).
7
Let r = 76 - 31. List the prime factors of r.
3, 5
Let o = 0 + -13. Let n = -10 - o. List the prime factors of n.
3
Let z = 9 - 8. Let t(q) = -4*q. Let g(j) = -j. Let c(i) = z*t(i) - 5*g(i). List the prime factors of c(3).
3
Suppose 3*n - 330 = -q - 3*q, -q + 82 = n. List the prime factors of q.
2, 3, 7
Suppose 0 = -0*q - q + 63. What are the prime factors of q?
3, 7
Let h be 48/5 - (-2)/5. Suppose 5*k = -0*k + h. What are the prime factors of k?
2
Suppose 30 = c - 5*x - 8, -4*x = -3*c + 114. List the prime factors of c.
2, 19
Let f = 92 + -51. What are the prime factors of f?
41
Let d = 81 - 21. List the prime factors of d.
2, 3, 5
Let d = -35 - -92. List the prime factors of d.
3, 19
Let q = 74 + -46. Let v = 10 + q. Suppose 0 = -5*d + 12 + v. List the prime factors of d.
2, 5
Suppose -2 = -4*q - 22. Let a be 2/(0 + -3 - q). What are the prime factors of (-9)/(-6)*8/a?
2, 3
List the prime factors of 2/(-11) - 2184/(-33).
2, 3, 11
List the prime factors of (4/(-1 - -5))/(-1) - -344.
7
Suppose -3*k - 239 = -5*v, k + 19 = -3*v + 154. What are the prime factors of v?
2, 23
Let h(l) = -3*l + 9. Let q(p) = -1. Let k(b) = -h(b) - 12*q(b). List the prime factors of k(3).
2, 3
Let i(p) = -121*p + 2. Let c be i(-1). Suppose -2*x - 21 + c = 0. List the prime factors of x.
3, 17
Let h = 12 + -9. Suppose 5*l = h*l + 8. Suppose 0 = -l*n + 20, -2*n + 41 - 1 = 5*a. List the prime factors of a.
2, 3
Suppose 3*m + 4 = 4*m. Let h be (m*1)/((-8)/20). Let a = h + 17. What are the prime factors of a?
7
Let k(g) be the third derivative of 0*g - 4*g**2 - 5/2*g**3 + 0 - 1/8*g**4. List the prime factors of k(-10).
3, 5
Let o(a) = -5*a. Let w be o(-1). Suppose -5*j = 2*d - 8, 3*j = 2*j - w*d - 3. Suppose -5*b + j*p = -38, 3*p + 6 = -0*b - b. List the prime factors of b.
2, 3
Let u(b) = -8*b - 1. Let a be u(-1). Let v = a - 2. Suppose -4*y + 2*y + 13 = i, 5*y = v*i + 10. What are the prime factors of y?
5
Let v be -5*(6/5 - 2). Let t = v + 0. Suppose 0 = 2*f + 3*q - 36, -2*q - 11 = -5*f + t*f. List the prime factors of f.
3, 5
Let m(j) = 32*j - 57. What are the prime factors of m(7)?
167
Let o(r) = r - 2. What are the prime factors of o(8)?
2, 3
Suppose 2*z = t + 4*z + 5, -t = -2*z - 15. Suppose -r = t*u - 16, 0 = 3*r - 2*u - 2 + 5. What are the prime factors of 4 + -6 + 20*r?
2, 3
Suppose u = -f, -24 = -4*u + 5*f - 3*f. Let k = 81 + -58. What are the prime factors of k/2 - 2/u?
11
Suppose 15*o + 2*o = 4199. List the prime factors of o.
13, 19
Let l(j) = 7*j + 1 + j + j - 3*j. What are the prime factors of l(5)?
31
Let q(l) = 2*l**2 - 1. What are the prime factors of q(-2)?
7
Suppose -26 = 3*g + 2*n, -2*g - n - 43 = 2*g. Let m(s) = 2*s**2 + 4*s + 3. Let u be m(-2). List the prime factors of 5*(g/(-5))/u.
2
Let p be ((-1)/(-3))/(1/87). Let l = p - 4. List the prime factors of l.
5
Let n(r) = 7*r**2 + 1. Let q be n(-1). Let h = 14 - q. List the prime factors of h.
2, 3
Suppose -c - 3*i = -7, 4*c - 6 = 3*i - 8. List the prime factors of ((-12)/9 + c)*-57.
19
Suppose -7*g + 2*g + 15 = 0. Suppose -g*f = -f - 18. List the prime factors of f.
3
List the prime factors of ((-226)/5)/1*(1 + -6).
2, 113
Let z be (-5)/((-10)/162) + 3. Suppose 4*w - 2*s - z = 0, 2*s = -s - 6. List the prime factors of w.
2, 5
Let m(y) = -y**3 - 2*y**2 + 3*y. Let t be (-1)/(-4) + (-13)/4. Let q be m(t). Suppose -5*u + q = -10. List the prime factors of u.
2
Let r = 900 + -538. What are the prime factors of r?
2, 181
Let l(k) = -2*k**3 + 2*k**2 + 2*k + 1. Let s be l(-1). Suppose -1 + s = 2*w. List the prime factors of (-6)/(-9)*(7 - w).
2
Suppose -2*n - 45 = 2*n + 5*m, 34 = -3*n - 4*m. Let g be 1/((-6)/(-28))*3. Let h = n + g. List the prime factors of h.
2
Let k(x) = -2*x + 2. Let s be k(2). Let v be (-11 - 1)*s/(-4). Let q = 11 + v. List the prime factors of q.
5
Suppose 2*x + 58 = 3*x - s, 0 = x - 2*s - 53. List the prime factors of x.
3, 7
What are the prime factors of 199 + 1 + -4 + 8?
2, 3, 17
Let i(l) = -l**3 - l + 9. Let y be i(0). Suppose 2*x + 0 = 2. Let d = y + x. List the prime factors of d.
2, 5
Let z(r) = r - 6. Let a be z(5). Let o be 2 + (-2 - (0 + a)). What are the prime factors of ((-30)/3)/(o*-1)?
2, 5
Let d = 27 + -7. List the prime factors of d.
2, 5
Suppose 0 = 5*l - 3*n + 54, 3*n + n = 5*l + 52. Let m = 1 - l. List the prime factors of m.
13
Let i be 3*-1*3/(-3). Suppose -7*y + 3*a + 77 = -2*y, i*y - 46 = 2*a. List the prime factors of y.
2
Suppose 0*r - 10 = -5*t + 4*r, -2 = -t + 4*r. Suppose -5 = -5*c, -c = -w + c - t. Suppose w*m - 11 = -m. List the prime factors of m.
11
Suppose -3*t - 3*r + 111 = 0, 2*r = -t - 0*t + 34. What are the prime factors of t?
2, 5
Let s(b) = 13*b + 3. Let f(p) = -3*p - 1. Let i(q) = 9*f(q) + 2*s(q). Let v be i(6). Let l = 1 - v. What are the prime factors of l?
2, 5
Let b(r) = -r**3 + 3*r**2 - r - 1. Let g(y) = y**3 + 8*y**2 - y - 6. Let k be g(-8). Let t be b(k). What are the prime factors of t*(0 - -1) + 2?
3
Suppose 0 = 4*f - 9 - 107. Suppose 0 = -2*n - 3*t + 11 + f, -2*t = -4*n + 64. What are the prime factors of n?
17
Let q be 1/(-3) + 3/9. Suppose -5*w - j + 143 = q, w + 0*w = 3*j + 19. What are the prime factors of w?
2, 7
Let w = 658 - 368. Let g be 13 + (4/2 - 4). List the prime factors of w/22 - 2/g.
13
List the prime factors of (12/(-4) - 53)*-2.
2, 7
Let z = 304 + -175. What are the prime factors of z?
3, 43
Let s(n) = -4